010
In base 13, what is -287 + -1b49?
-2103
In base 14, what is 6dd23 - -2?
6dd25
In base 11, what is -8 + -22584?
-22591
In base 15, what is 4 + 52a09?
52a0d
In base 15, what is 3 + b38d?
b391
In base 11, what is 5 + 8361?
8366
In base 12, what is 219 + -1b?
1ba
In base 2, what is 1 - 1100001111101001?
-1100001111101000
In base 12, what is -34 + 4b1?
479
In base 4, what is -13 - 210321303?
-210321322
In base 3, what is -10020 + -20220201?
-21000221
In base 16, what is -235 - -c39?
a04
In base 9, what is 1612 + -7456?
-5744
In base 13, what is 1c66 + 7?
1c70
In base 5, what is 3 + -423221?
-423213
In base 13, what is -116866 + 2?
-116864
In base 12, what is -13 - -325?
312
In base 4, what is 32 + 23303212?
23303310
In base 3, what is -2 + 200102111?
200102102
In base 4, what is -2 - -220303?
220301
In base 6, what is 0 - 34450?
-34450
In base 7, what is 41060 - 1661?
36066
In base 3, what is -2100000 + -1222210?
-11022210
In base 6, what is -52212 - -241?
-51531
In base 13, what is 24c4c - -24?
24c73
In base 7, what is 532 + -132?
400
In base 4, what is 21003220002 - 2?
21003220000
In base 15, what is 783da + -3?
783d7
In base 2, what is -1101111 + 100101001100110?
100100111110111
In base 14, what is d7083 - -1?
d7084
In base 4, what is -13312 + -3210?
-23122
In base 5, what is 104 + -233?
-124
In base 10, what is 201087 - 2?
201085
In base 14, what is -3 - 6805?
-6808
In base 7, what is 2 - -11506565?
11506600
In base 3, what is 210221 - 110100?
100121
In base 16, what is -20a4 + 3?
-20a1
In base 6, what is -4 + 45425?
45421
In base 4, what is -130333200 - 10?
-130333210
In base 11, what is -730 + 434?
-2a7
In base 5, what is -4331004 + 233?
-4330221
In base 13, what is -2b227 + 3?
-2b224
In base 14, what is -6 + -6586?
-658c
In base 16, what is 13880 - 1?
1387f
In base 4, what is 1023120 - 200?
1022320
In base 11, what is -22 + -540?
-562
In base 13, what is -6 + -40cb?
-4104
In base 5, what is 30 - 122011102?
-122011022
In base 16, what is 183b5 + -1?
183b4
In base 8, what is -32 + 400?
346
In base 7, what is 3 - 11300?
-11264
In base 9, what is 3 + 131816?
131820
In base 12, what is -22269 - 5?
-22272
In base 15, what is -1 + 802?
801
In base 7, what is -22135 - -12?
-22123
In base 2, what is -1001 + -1101001001000010?
-1101001001001011
In base 9, what is -581617 + -1?
-581618
In base 10, what is -4 - 20435?
-20439
In base 12, what is -64a7 - -284?
-6223
In base 11, what is 4340 + 2?
4342
In base 5, what is -30113 - 2121?
-32234
In base 10, what is 0 + 86697?
86697
In base 3, what is 120020121211 + -21?
120020121120
In base 10, what is 6 + -1597?
-1591
In base 6, what is 10 + 3134545?
3134555
In base 2, what is -111001 - 11010000101101?
-11010001100110
In base 15, what is 7557 + -5?
7552
In base 10, what is 1 - -11331?
11332
In base 10, what is -5 - 386696?
-386701
In base 7, what is -2 + 133010?
133005
In base 15, what is 15 + 1c1d?
1c33
In base 7, what is 2 - 10063?
-10061
In base 6, what is -52044 + -4?
-52052
In base 3, what is -10 - -22001100100?
22001100020
In base 9, what is 1 - -26?
27
In base 9, what is -7 + 3627?
3620
In base 11, what is 6 - -59a7?
5a02
In base 14, what is -2 + 692d?
692b
In base 8, what is -471610 + 24?
-471564
In base 13, what is 45 + -2518?
-24a3
In base 2, what is -1001001111101110 + -11001?
-1001010000000111
In base 3, what is -20001220 + 2?
-20001211
In base 3, what is 200122100 + -2?
200122021
In base 9, what is -8143 + -2?
-8145
In base 15, what is -30ad + 29?
-3084
In base 3, what is -111211022 - -2?
-111211020
In base 12, what is -4b290 + 2?
-4b28a
In base 13, what is 5 - 25a?
-255
In base 12, what is 73a7 + b?
73b6
In base 15, what is 5 - 3bbc6?
-3bbc1
In base 5, what is -23003023 - 2?
-23003030
In base 6, what is -30432233 - 1?
-30432234
In base 12, what is 186 - -972?
b38
In base 16, what is -5 - -71b8?
71b3
In base 8, what is 20 + 4014?
4034
In base 3, what is -20 - -2101202211?
2101202121
In base 7, what is 5 - -622?
630
In base 2, what is 110 - -110111100?
111000010
In base 15, what is e166 - -18?
e17e
In base 6, what is 22140234 + 5?
22140243
In base 9, what is -115833 + 0?
-115833
In base 13, what is -34 + 457?
423
In base 6, what is 20414 + 2452?
23310
In base 7, what is 342 + -12205?
-11533
In base 16, what is 27a5 - 3?
27a2
In base 8, what is -2 - -764274?
764272
In base 5, what is -10003232 + 10?
-10003222
In base 12, what is 833 + 1026?
1859
In base 4, what is -1033 + 31332?
30233
In base 9, what is -5 + -442815?
-442821
In base 10, what is -1242 - 5?
-1247
In base 5, what is -402444 + -21?
-403020
In base 13, what is 3 - -65262?
65265
In base 14, what is -916 - -b?
-909
In base 6, what is 3 - -1342?
1345
In base 15, what is -5 + 113?
10d
In base 6, what is 115433321 - -4?
115433325
In base 10, what is 2811 - 1424?
1387
In base 5, what is -20004030 + -10?
-20004040
In base 4, what is 1130 - 12?
1112
In base 9, what is -1771 + 8?
-1762
In base 3, what is 102211000 - -10?
102211010
In base 6, what is -1344235 + 1?
-1344234
In base 4, what is 123220232 + -3?
123220223
In base 13, what is 26cb7 + 7?
26cc1
In base 4, what is -2302332332 - 10?
-2302333002
In base 6, what is 12000153 - -3?
12000200
In base 7, what is 5 + -2264?
-2256
In base 8, what is -110342 + 4?
-110336
In base 7, what is -5422 - -1?
-5421
In base 15, what is -118449 + -2?
-11844b
In base 9, what is 71 + -11542?
-11461
In base 9, what is -3115 + 112?
-3003
In base 4, what is 132223031 - -1?
132223032
In base 7, what is 441 - 21625?
-21154
In base 14, what is da7 + -12?
d95
In base 12, what is -5 + 85429?
85424
In base 6, what is 2 - 103141?
-103135
In base 15, what is d5 - 25e?
-179
In base 4, what is -1220320212 + -2?
-1220320220
In base 13, what is -26c93 + 0?
-26c93
In base 2, what is 10011 + 110010110?
110101001
In base 9, what is 2 + -2680?
-2677
In base 16, what is 2 - 398a6?
-398a4
In base 10, what is 3474 - -4?
3478
In base 4, what is 1331200 - -10?
1331210
In base 13, what is -14921 - -4?
-1491a
In base 11, what is -143a64 + -9?
-143a72
In base 13, what is -4c7c62 - -3?
-4c7c5c
In base 13, what is -2 + -350c73?
-350c75
In base 4, what is -11 - 212310232?
-212310303
In base 5, what is -41 - 3101330?
-3101421
In base 6, what is 1 - -231433?
231434
In base 6, what is 4221 + 124?
4345
In base 4, what is 1231131 - 33?
1231032
In base 15, what is 7e66 - 4b?
7e1a
In base 16, what is -2b45 + 5?
-2b40
In base 8, what is -3242 - 113?
-3355
In base 16, what is f18 - -7?
f1f
In base 16, what is -ea - -93?
-57
In base 3, what is 1022221 - -10102?
1110100
In base 10, what is 28 + -1959?
-1931
In base 5, what is -1 + -1400412?
-1400413
In base 9, what is -104 - 71382?
-71486
In base 9, what is 4 + -2288675?
-2288671
In base 16, what is -a7c + -1f?
-a9b
In base 9, what is 71 - -114?
185
In base 12, what is -12b - a0?
-20b
In base 14, what is 0 + 253c?
253c
In base 14, what is 7 + 193cb?
193d4
In base 10, what is -2 - 4604?
-4606
In base 4, what is -12300330 + -10?
-12301000
In base 12, what is -40629 + -2?
-4062b
In base 5, what is 1 - -30401234?
30401240
In base 9, what is -6 + -4306?
-4313
In base 7, what is 632 + 301?
1233
In base 2, what is 111011010110110 - 1?
111011010110101
In base 9, what is -1 - -385835?
385834
In base 16, what is -1 - -dc?
db
In base 14, what is -2a922c + -1?
-2a922d
In base 10, what is -1 - -61545?
61544
In base 6, what is 3 - -144532?
144535
In base 2, what is -101 - -1001011011101?
1001011011000
In base 5, what is -14204 + 3432?
-10222
In base 3, what is 20200112 - -212100?
21112212
In base 11, what is -99 - -3739?
3650
In base 9, what is 1 + -121165?
-121164
In base 9, what is 2733 + -65?
2657
In base 9, what is 606168 - -1?
606170
In base 6, what is -140 - 344333?
-344513
In base 4, what is -1220 + 2132?
312
In base 12, what is -55 - -75a6?
7551
In base 16, what is -3ed4 + 4?
-3ed0
In base 5, what is -1024101 + 314?
-1023232
In base 2, what is 110000011 + -110001100?
-1001
In base 15, what is 2 - 754be?
-754bc
In base 14, what is -2a8 + 760?
496
In base 15, what is 1 + badc?
badd
In base 9, what is -450410 - -3?
-450406
In base 9, what is -1 + -365107?
-365108
In base 6, what is 50 - 24055?
-24005
In base 8, what is 3375 + 476?
4073
In base 2, what is -100011110101000010 - -111?
-100011110100111011